What is the highest common divisor of 34126 and 2938?
226
What is the greatest common divisor of 348 and 319464?
348
What is the greatest common divisor of 90 and 5004?
18
What is the highest common divisor of 46 and 7291?
23
What is the greatest common factor of 94540 and 5216?
652
What is the highest common divisor of 123 and 198932?
41
What is the greatest common divisor of 226284 and 24?
12
What is the greatest common factor of 4807 and 204611?
209
Calculate the highest common divisor of 8 and 1122432.
8
Calculate the greatest common factor of 32 and 3663584.
32
Calculate the highest common factor of 103 and 1130013.
103
Calculate the highest common factor of 21301 and 8687.
119
What is the greatest common factor of 71247 and 748?
187
What is the highest common factor of 460 and 5336?
92
What is the greatest common factor of 216 and 2370744?
72
Calculate the highest common factor of 19008 and 630.
18
What is the highest common divisor of 394469 and 233?
233
Calculate the greatest common factor of 433546 and 1912.
478
Calculate the highest common divisor of 7815 and 30739.
521
What is the greatest common divisor of 82 and 1138283?
41
Calculate the highest common factor of 1404 and 298896.
156
What is the highest common factor of 105 and 277326?
21
What is the highest common factor of 1284 and 204?
12
What is the greatest common factor of 609 and 195?
3
Calculate the highest common divisor of 5076 and 13572.
36
What is the highest common divisor of 68289 and 52?
13
What is the greatest common factor of 37465 and 177?
59
What is the greatest common divisor of 15536 and 976?
16
Calculate the greatest common divisor of 8 and 280712.
8
What is the greatest common divisor of 1410 and 8805?
15
Calculate the highest common divisor of 28 and 5132.
4
Calculate the greatest common divisor of 78844 and 14536.
92
Calculate the greatest common divisor of 2332 and 19316.
44
Calculate the greatest common factor of 218 and 92105.
109
Calculate the highest common divisor of 1 and 269597.
1
Calculate the highest common factor of 28 and 42644.
28
Calculate the highest common divisor of 2196 and 1055178.
1098
What is the highest common divisor of 833816 and 136?
136
What is the highest common factor of 1047 and 3?
3
What is the greatest common factor of 66661 and 26789?
623
What is the greatest common divisor of 1230 and 515?
5
What is the highest common divisor of 612183 and 715?
143
Calculate the highest common factor of 54236 and 2548.
364
What is the greatest common factor of 1498 and 695821?
749
Calculate the greatest common divisor of 399 and 280668.
57
What is the highest common divisor of 1160 and 755740?
580
Calculate the greatest common factor of 591 and 20271.
3
Calculate the greatest common factor of 160 and 75870.
10
Calculate the highest common divisor of 19620 and 610.
10
Calculate the highest common factor of 12 and 3496.
4
Calculate the highest common factor of 244 and 124562.
122
Calculate the highest common factor of 1278 and 8875.
71
What is the greatest common factor of 976751 and 706?
353
Calculate the highest common divisor of 3896 and 1424.
8
Calculate the highest common divisor of 222 and 891367.
37
Calculate the highest common divisor of 37010 and 410.
10
What is the highest common factor of 97942 and 52?
26
What is the highest common factor of 530 and 7660?
10
What is the highest common factor of 8085 and 2464?
77
Calculate the greatest common factor of 2055 and 682945.
685
Calculate the greatest common divisor of 581 and 9863.
7
What is the highest common divisor of 6314 and 704?
22
What is the greatest common factor of 38137 and 99?
11
Calculate the highest common divisor of 11 and 53383.
11
Calculate the highest common factor of 6100 and 300.
100
Calculate the greatest common divisor of 915861 and 333.
111
What is the highest common factor of 323595 and 243?
81
Calculate the highest common divisor of 36 and 1744.
4
What is the highest common divisor of 86967 and 162?
27
What is the highest common divisor of 22231 and 1222?
47
Calculate the highest common divisor of 34308 and 2340.
36
What is the greatest common factor of 693 and 99?
99
What is the highest common factor of 110818 and 1072?
134
What is the highest common factor of 3496 and 82432?
184
What is the greatest common divisor of 39340 and 15120?
140
What is the greatest common factor of 15221 and 491?
491
Calculate the highest common divisor of 63 and 15993.
9
Calculate the highest common factor of 1056 and 2335520.
352
Calculate the greatest common divisor of 792604 and 380.
76
Calculate the highest common factor of 248 and 1454272.
248
Calculate the highest common divisor of 892 and 120.
4
What is the greatest common factor of 251420 and 410?
10
Calculate the greatest common divisor of 131504 and 32.
16
Calculate the highest common factor of 114993 and 27.
27
What is the highest common divisor of 6807 and 4?
1
What is the greatest common factor of 58734 and 2028?
78
Calculate the greatest common factor of 681 and 189.
3
What is the greatest common factor of 27 and 238617?
9
What is the greatest common divisor of 50743 and 539?
77
What is the highest common factor of 108834 and 22?
22
What is the greatest common factor of 129181 and 741?
247
Calculate the greatest common factor of 5084 and 4346.
82
What is the greatest common divisor of 4830 and 28497?
483
What is the highest common factor of 28952 and 2618?
154
What is the highest common divisor of 339 and 1519737?
339
Calculate the greatest common divisor of 1460018 and 14.
14
What is the highest common divisor of 402 and 1704882?
402
Calculate the highest common divisor of 9646 and 25334.
106
Calculate the highest common factor of 26741 and 2132.
13
Calculate the highest common factor of 1533 and 53347.
7
Calculate the greatest common divisor of 36 and 54.
18
Calculate the greatest common divisor of 154683 and 51.
51
What is the greatest common divisor of 97860 and 6860?
140
What is the highest common factor of 57 and 3708648?
57
Calculate the greatest common divisor of 2413 and 7125.
19
What is the highest common divisor of 708 and 192?
12
What is the greatest common divisor of 18 and 11871?
9
What is the highest common factor of 20631 and 429?
39
What is the highest common factor of 36100 and 25?
25
Calculate the greatest common factor of 11 and 660143.
11
Calculate the greatest common factor of 12 and 426372.
12
What is the greatest common divisor of 305 and 3599?
61
Calculate the greatest common factor of 175 and 13450.
25
What is the highest common factor of 11129 and 899?
31
Calculate the greatest common factor of 16896 and 825.
33
What is the highest common divisor of 78 and 395798?
26
Calculate the greatest common factor of 1353 and 1968.
123
Calculate the highest common factor of 45001 and 88.
11
What is the greatest common factor of 1222 and 1723584?
94
What is the greatest common divisor of 1026 and 10659?
57
Calculate the highest common factor of 5962308 and 264.
132
Calculate the greatest common divisor of 4536 and 23004.
324
What is the highest common factor of 10496 and 5822?
82
Calculate the highest common factor of 3648 and 12616.
152
Calculate the greatest common divisor of 4 and 317692.
4
Calculate the greatest common divisor of 355 and 244879.
71
Calculate the greatest common divisor of 159453 and 63.
63
Calculate the greatest common factor of 208 and 45071.
13
Calculate the greatest common factor of 188 and 278710.
94
What is the greatest common factor of 280600 and 2530?
230
What is the highest common factor of 760 and 666140?
380
Calculate the greatest common divisor of 72 and 44946.
18
Calculate the highest common divisor of 7685 and 10.
5
Calculate the highest common factor of 470 and 170234.
94
Calculate the highest common factor of 544 and 337408.
32
Calculate the greatest common factor of 4113 and 66265.
457
What is the greatest common factor of 5738 and 2432?
38
What is the greatest common factor of 8386 and 14?
14
Calculate the highest common divisor of 5133 and 10797.
177
Calculate the greatest common factor of 3101 and 37655.
443
What is the greatest common factor of 13950 and 7200?
450
What is the highest common factor of 10810 and 24910?
470
Calculate the greatest common divisor of